 = -20*k - 190. Let j(s) = -13*s - 137. What is the units digit of j(k)?
9
Let i = 50 - 46. Suppose -5*p = i*k - 33 - 2152, -2*p - 2723 = -5*k. What is the units digit of k?
5
Let l be 23970 - 3*(-18)/(-27). Suppose -53*n = -25*n - l. What is the units digit of n?
6
What is the hundreds digit of 58518 - 9 - 25/(225/126)?
4
Let o = 743 - -15982. What is the thousands digit of o?
6
Suppose -11 = -2*n - 1. Suppose -t = 3*a + 3, -n*t + 8 + 5 = a. Suppose t*b + b = -2*m + 308, 0 = -3*b + m + 236. What is the tens digit of b?
7
Suppose 202638 = 6*o + 9*o + 23808. What is the tens digit of o?
2
Let s = -7485 + 10956. What is the thousands digit of s?
3
Let k(h) = h**3 + 6*h**2 - 3*h - 3. Let i be k(-5). Suppose -3*n - 57 = -2*q - 3*q, -2*n - 38 = 2*q. Let y = i - n. What is the units digit of y?
6
Let m(n) = 3*n - 184. Let w(o) = -10*o + 185. Let q(b) = 4*m(b) + 5*w(b). What is the units digit of q(-8)?
3
Let g(z) = 35*z**2 + 3*z + 42. Let j be g(15). Suppose -13*i - 2138 + j = 0. What is the hundreds digit of i?
4
Let p = -236 - -241. Suppose -5*q = p*v - 70, 0 = -5*v - 3*q + q + 73. What is the units digit of v?
5
Suppose -7*w - 1547 = -m - 4*w, -3*m = 4*w - 4654. Suppose 9*u = -m + 14240. What is the thousands digit of u?
1
Suppose v - 902 + 899 = 0. Suppose -3569 = -v*b - 5*a, 3*b - 50*a + 47*a = 3537. What is the thousands digit of b?
1
Suppose -5*s = o + 2*o - 15, 0 = -4*o + 3*s - 9. Suppose 9*l - l - 64 = o. Suppose 7*j + 63 = l*j. What is the tens digit of j?
6
Let p = -31 + 42. Suppose 0 = 2*h - 5*c - 24, 0 = -3*c - p - 1. Suppose -h*d = -b - 5*d + 38, 0 = -2*b + 4*d + 126. What is the tens digit of b?
5
What is the tens digit of 20035 - ((0 - 1) + (28 - 28))?
3
Let q = 321 - 309. Suppose -q*p = -9*p - 1434. What is the tens digit of p?
7
Suppose 42*i + 36686 - 403247 = 3*i. What is the units digit of i?
9
Suppose 0 = -3*k - 4*g + 8190, -3*k + 3*g = -3994 - 4196. What is the thousands digit of k?
2
Let r = 1291 + -853. Suppose r = 28*b - 14206. What is the tens digit of b?
2
Let i(x) = -30 + 9*x - 3*x**2 + 0*x**2 + 16. Let u be i(5). Let g = -43 - u. What is the units digit of g?
1
Let o(u) = 1049*u + 14. Let m(g) = 2*g**2 + 41*g - 65. Let i be m(-22). What is the hundreds digit of o(i)?
0
Suppose -q - 16 + 12 = 4*g, g + 18 = 4*q. Suppose 5*o - 2*h = -3426, -4*o - 1067 - 1672 = -h. What is the hundreds digit of (o/3)/g - 6/6?
1
Let k = 91 - 87. Suppose -10*t + 1614 = -k*t. What is the tens digit of t?
6
Let j = -5 - -357. Let t = j - -185. What is the hundreds digit of t?
5
Let p be -8*(3/(-2) + 1). Suppose 13 = p*c + 57. Let t(r) = r**2 - 3*r + 2. What is the units digit of t(c)?
6
Suppose 4*l = 11*l - 45178. Let b be l/(-70) + (-2)/(-10). What is the tens digit of 3/1 - (-2 + -1 + b)?
9
What is the units digit of (((-11529)/6)/(-9))/(3080/384 - 8)?
8
Let y(z) = 3056*z**2 + 2*z. Let m(a) = -3056*a**2 - 2*a. Let n(k) = -4*m(k) - 5*y(k). Let h be n(-1). What is the hundreds digit of h/(-14) + (-11)/77?
2
Let i = -8 + -27. What is the hundreds digit of 168/i*(-2235)/12?
8
Suppose 0*z - 15 = -5*z + 5*d, 3*z + d = -3. Let p be (z - 1)/(15 + -14). What is the units digit of 51 + -2 + p + 7?
5
Suppose -26*v - 23*v = -40*v - 320859. What is the hundreds digit of v?
6
Let m(p) = 143*p**3 - 25*p**2 + 95*p + 6. What is the tens digit of m(4)?
3
Let b(s) = -2*s + 61. Let g be b(18). Let q = g - 88. What is the tens digit of (-11 + 8 + 9)/((-2)/q)?
8
What is the units digit of (-16696090)/(-200) + 2/(-8) + (-23)/115?
0
Let a be ((-1)/(-2))/(2 - 4785/2394). What is the hundreds digit of 0 + -3 + (a - -5)?
4
Let a = 9070 - -7974. What is the thousands digit of a?
7
Let v = 19501 - 8426. Suppose 0 = 6*z - v - 475. What is the units digit of z?
5
Let y = 1526 + -1040. What is the units digit of 2473/6 + (-81)/y?
2
Let s(v) be the third derivative of v**5/60 - v**4/3 - 3*v**3/2 - 7*v**2. Let h be s(9). Suppose b - 3*b + 78 = h. What is the tens digit of b?
3
Suppose k + 3*m + 262 = -236, -4*m = 4*k + 2000. Let f = 270 - k. What is the tens digit of f?
7
Let s(r) = -2*r**3 + 133*r**2 + 6*r - 216. What is the hundreds digit of s(64)?
6
Let m(x) be the third derivative of 167/6*x**3 + 0*x + 5/24*x**4 + 0 + 6*x**2. What is the hundreds digit of m(0)?
1
Let t(n) = 9*n + 27. Let b(a) = -19*a - 56. Let z(s) = -3*b(s) - 5*t(s). What is the tens digit of z(20)?
7
Let l = -35 + 34. Let v be (l/(-1 - -3))/(13/(-3536)). Let b = 217 - v. What is the units digit of b?
1
Let o be ((-150)/(-175))/(6/140). Suppose 3 = 3*p + 6. What is the units digit of p/1 - (-5)/(o/276)?
8
Suppose 29748 = -6*h + 1218. What is the tens digit of h/(-9) + -6 + 17/3?
2
Suppose -2*i + 12 = -c, -2*c - 2 - 7 = -i. Suppose i*r - 35 = -3*u, -r - u + 3*u = -7. What is the units digit of r?
7
Let z(f) = -389*f**3 + 5*f**2 - f - 7. What is the hundreds digit of z(-2)?
1
Let l = -7889 - -11394. What is the tens digit of l?
0
Suppose -4*d + 1407 = -5*a, 2*d - 5*a - 1054 = -d. Suppose 4*k - d = 391. What is the hundreds digit of k?
1
Let k = -1711 - -3401. What is the units digit of 0 - k/(30/(-6))?
8
Suppose 3*w + 65010 = -1662*y + 1667*y, -3*w - 39012 = -3*y. What is the hundreds digit of y?
9
What is the tens digit of 209/38 + -6 + 8026/(-8)*-74?
4
Let w(d) = -2*d**3 - 79*d**2 - 98*d - 63. What is the tens digit of w(-42)?
7
Suppose -2*p + 510 = -7*p + 2*i, p + 4*i + 124 = 0. Let v = -55 - p. Suppose v = u - 19. What is the units digit of u?
8
Let m(p) = 2*p**3 - 2*p**2 - 14*p - 5. Let o be m(-6). Let q = o - -793. What is the tens digit of q?
6
Suppose -16 = -13*q + 23. Let o(y) = 16*y**3 + 5*y**2 - 3*y - 6. What is the tens digit of o(q)?
6
Let h(w) = -w**2 - 20*w - 22. Let z be h(-18). Suppose -4*n + 4*f - 232 = 0, 0 = -2*n + n + 5*f - 66. What is the hundreds digit of 807*2/z + 16/n?
1
Let x(j) = -11160*j**3 + 2*j**2 + 7*j + 5. Let r be x(-1). Suppose 3*k = -6*k + r. What is the tens digit of k?
4
Let s(m) = -m**3 + 52*m**2 + 196*m + 167. What is the ten thousands digit of s(45)?
2
Suppose -4*k - 5*j - 5 = 0, -3*k + 1 = -2*j - 1. Suppose k*l + l = -3*h + 1229, -5*h - 5*l + 2065 = 0. What is the units digit of h?
8
Let j(w) = -w**2 - 38*w - 23. Let y be j(-16). Suppose -7*m - 346 + 857 = 0. Let d = y - m. What is the units digit of d?
6
Let u(r) = r**2 - 9*r - 1. Let n be u(9). Let y be ((-3 - n) + 53)*5/3. What is the tens digit of (1 + -4)/((-3)/y)?
8
Suppose 0 = -2*w - 3*w + 15. Suppose -w*y + 861 = 3*h - 0*y, y = 3*h - 865. What is the hundreds digit of h?
2
Suppose -16 = -c - 19. Let d(b) = 7*b**2 - 4*b + 6. Let x be d(c). Suppose -76*i + x*i - 375 = 0. What is the units digit of i?
5
Let g = 38697 - 13617. What is the tens digit of g?
8
Suppose 0 = -r - 12*r + 208. Suppose r*p - 3456 = -0*p. What is the units digit of p?
6
Let c(h) = 1881*h + 4123. What is the hundreds digit of c(10)?
9
Suppose 31 = -8*m + 479. Let j = 43 + m. Suppose j = 22*t - 21*t. What is the tens digit of t?
9
Let c(y) = -8*y + 3. Suppose 0*u = 3*u + h - 138, 3*u - 5*h = 156. Let t = -50 + u. What is the tens digit of c(t)?
2
Suppose 0*d = -d + 55. Let x = d - 48. Suppose x*y - 133 - 665 = 0. What is the units digit of y?
4
Suppose -34*m - 31*m = -71*m + 31530. What is the units digit of m?
5
Suppose c - 16 = -3*c. Suppose 0 = -c*w + 12*w - 72. Suppose -8*t + w*t = 18. What is the units digit of t?
8
Suppose 0*z + 5*z = -2*q + 128, -4*z = 2*q - 102. Suppose 0 = -5*o - 4*l - z, 6*o + 16 = 2*o - 2*l. What is the tens digit of 4752/68 - o/17?
7
Suppose 5*a - g = -2030, -2*a - 660 = -3*g + 165. Let q = a + 958. What is the units digit of q?
3
Suppose 14686 = 6*b - 216788. What is the units digit of b?
9
Let y = 10601 + 23618. What is the tens digit of y?
1
Suppose 0 = -2*a - 10, -1857 = -5*s - 3*a + 4488. What is the tens digit of s?
7
Let y(n) = -2*n**2 + 4*n. Suppose 0 = -3*j + h + 19, 2*h = 4*j + 8 - 36. Let b be y(j). Let s = 18 - b. What is the tens digit of s?
4
Let w = -261 - -288. Suppose 30*v = w*v + 1017. What is the hundreds digit of v?
3
Let w(r) = 12*r**2 - 129*r - 24. Let s be w(11). Suppose 2*x = 39 + 801. Suppose s*d - x = -d. What is the tens digit of d?
4
What is the thousands digit of 2/(-4) + (4488939/26)/27?
6
Suppose -8*q + 2*q - 2334 = 0. What is the hundreds digit of q*6/24*(-10 + 2)?
7
Let n(s) 